{"id":2,"date":"2014-10-18T15:57:08","date_gmt":"2014-10-18T15:57:08","guid":{"rendered":"http:\/\/asr.oz5thy.dk\/?page_id=2"},"modified":"2015-03-19T07:30:59","modified_gmt":"2015-03-19T07:30:59","slug":"eksempel-side","status":"publish","type":"page","link":"http:\/\/asr.oz5thy.dk\/?page_id=2","title":{"rendered":"Hvordan kommer jeg p\u00e5."},"content":{"rendered":"<p>Alle Radio Amat\u00f8ere med gyldig Licens er meget velkommen p\u00e5 denne TeamSpeek server.\u00a0Vi har oprettet en TS3 server hvor alle amat\u00f8rer kan samles og f\u00e5 deres link \/ repeater med p\u00e5.<\/p>\n<p><strong>Registering\u00a0<\/strong><\/p>\n<p>For at du kan komme ind p\u00e5 serveren skal du g\u00e5r ind p\u00e5 <a title=\"Registering\" href=\"http:\/\/asr.oz5thy.dk\/?page_id=157\">registerings siden<\/a>.<\/p>\n<p><strong>Med PC \/ mobile enheder.<\/strong><br \/>\nFor at komme p\u00e5 med en PC \/ mobil enhed skal du downloade:<\/p>\n<p><a href=\"http:\/\/www.teamspeak.com\/?page=downloads\" target=\"_blank\">http:\/\/www.teamspeak.com\/?page=downloads<\/a><\/p>\n<p>Du skal ikke instalere &#8220;over woulf&#8221;<\/p>\n<p>Brug dit CALL, feks. OZXYYY-PC som dit Nichname hvis det er din PC du bruger, eller OZXYYY-M hvis det er din mobil osv. Du skal IKKE bruge VOX, men derimod manuel tast, det er n\u00f8dvendig n\u00e5r du skal snakke i radio rummet, s\u00e5 dur VOX ikke.<\/p>\n<p>N\u00e5r det ser ud til at virker skal du logger p\u00e5 vor server:<\/p>\n<p><a href=\"http:\/\/asr.oz5thy.dk\/wp-content\/uploads\/2014\/10\/Sk\u00e6rmbillede-2015-03-19-kl.-08.26.14.png\"><img loading=\"lazy\" class=\"alignright size-full wp-image-202\" src=\"http:\/\/asr.oz5thy.dk\/wp-content\/uploads\/2014\/10\/Sk\u00e6rmbillede-2015-03-19-kl.-08.26.14.png\" alt=\"Sk\u00e6rmbillede 2015-03-19 kl. 08.26.14\" width=\"633\" height=\"547\" srcset=\"http:\/\/asr.oz5thy.dk\/wp-content\/uploads\/2014\/10\/Sk\u00e6rmbillede-2015-03-19-kl.-08.26.14.png 633w, http:\/\/asr.oz5thy.dk\/wp-content\/uploads\/2014\/10\/Sk\u00e6rmbillede-2015-03-19-kl.-08.26.14-300x259.png 300w, http:\/\/asr.oz5thy.dk\/wp-content\/uploads\/2014\/10\/Sk\u00e6rmbillede-2015-03-19-kl.-08.26.14-624x539.png 624w\" sizes=\"(max-width: 633px) 100vw, 633px\" \/><\/a><\/p>\n<h2>Adressen er: \u00a0\u00a0<strong>oz5thy.ozw.dk<\/strong><\/h2>\n<p>N\u00e5r du er kommet ind, s\u00e5 kald p\u00e5 feks. OZ5KL eller en\u00a0af dem med et S de byder dig med gl\u00e6de velkommen og forklare lidt om tingen. Vedkommende tjekker s\u00e5 du er radio amat\u00f8r \ud83d\ude42 og giver dig adgang til de andre rum. Det er for at hindre folk uden licens f\u00e5r adgang til de rum med radio !.<\/p>\n<p><strong>Med\u00a0Radio:<\/strong><\/p>\n<p>Hvis du er s\u00e5 heldig at der er en ASR repeater eller Link i n\u00e6rheden af dig. Dette tjekker du ved at se p\u00e5 listen her til h\u00f8jre, nede under &#8220;( Radio omr\u00e5de PTT krav )&#8221;, der st\u00e5r By navn, Call samt frekvens. Du skal v\u00e6re opm\u00e6rksom p\u00e5 at alle Repatere og Link bruger SUB tone.<\/p>\n","protected":false},"excerpt":{"rendered":"<p>Alle Radio Amat\u00f8ere med gyldig Licens er meget velkommen p\u00e5 denne TeamSpeek server.\u00a0Vi har oprettet en TS3 server hvor alle amat\u00f8rer kan samles og f\u00e5 deres link \/ repeater med p\u00e5. Registering\u00a0 For at du kan komme ind p\u00e5 serveren skal du g\u00e5r ind p\u00e5 registerings siden. Med PC \/ mobile enheder. For at komme [&hellip;]<\/p>\n","protected":false},"author":1,"featured_media":0,"parent":0,"menu_order":0,"comment_status":"closed","ping_status":"open","template":"","meta":[],"_links":{"self":[{"href":"http:\/\/asr.oz5thy.dk\/index.php?rest_route=\/wp\/v2\/pages\/2"}],"collection":[{"href":"http:\/\/asr.oz5thy.dk\/index.php?rest_route=\/wp\/v2\/pages"}],"about":[{"href":"http:\/\/asr.oz5thy.dk\/index.php?rest_route=\/wp\/v2\/types\/page"}],"author":[{"embeddable":true,"href":"http:\/\/asr.oz5thy.dk\/index.php?rest_route=\/wp\/v2\/users\/1"}],"replies":[{"embeddable":true,"href":"http:\/\/asr.oz5thy.dk\/index.php?rest_route=%2Fwp%2Fv2%2Fcomments&post=2"}],"version-history":[{"count":7,"href":"http:\/\/asr.oz5thy.dk\/index.php?rest_route=\/wp\/v2\/pages\/2\/revisions"}],"predecessor-version":[{"id":203,"href":"http:\/\/asr.oz5thy.dk\/index.php?rest_route=\/wp\/v2\/pages\/2\/revisions\/203"}],"wp:attachment":[{"href":"http:\/\/asr.oz5thy.dk\/index.php?rest_route=%2Fwp%2Fv2%2Fmedia&parent=2"}],"curies":[{"name":"wp","href":"https:\/\/api.w.org\/{rel}","templated":true}]}}